Crea sito

NOAA-Style Climate Reports

Select a Year or Month report
2019: Gen Feb Mar Apr Mag Giu Lug Ago Set Ott Nov Dic
2018: Gen Feb Mar Apr Mag Giu Lug Ago Set Ott Nov Dic
2017: Gen Feb Mar Apr Mag Giu Lug Ago Set Ott Nov Dic
2016: Gen Feb Mar Apr Mag Giu Lug Ago Set Ott Nov Dic
2015: Gen Feb Mar Apr Mag Giu Lug Ago Set Ott Nov Dic
2014: Gen Feb Mar Apr Mag Giu Lug Ago Set Ott Nov Dic

Report for 2019 Marzo
                   MONTHLY CLIMATOLOGICAL SUMMARY for MAR. 2019

NAME: meteobadineto   CITY:    STATE:  
ELEV:   711 m  LAT:   LONG: 

                   TEMPERATURE (°C), RAIN  (mm), WIND SPEED (km/hr)

                                      HEAT  COOL        AVG
    MEAN                              DEG   DEG         WIND                 DOM
DAY TEMP  HIGH   TIME   LOW    TIME   DAYS  DAYS  RAIN  SPEED HIGH   TIME    DIR
------------------------------------------------------------------------------------
 1   7.3  11.8   12:50   3.4    6:10  11.1   0.0   0.0   2.9  24.1   23:05     E
 2   6.1  12.3   13:15  -1.4    7:45  12.2   0.0   0.0   3.7  29.0    2:00    SE
 3   5.6  12.9   11:35  -2.6    7:00  12.7   0.0   0.0   4.3  27.4   13:30    SE
 4   6.9  10.7   16:00   0.8   00:00  11.4   0.0   0.0   5.0  32.2    9:40    SE
 5   4.6  12.6   11:30  -0.2    4:10  13.8   0.0   0.0   1.8  19.3   13:20    SE
 6   5.2   9.9   13:00  -0.9    3:25  13.2   0.0   0.0   3.9  27.4   12:10    SE
 7   9.5  13.3   14:00   2.2   00:00   8.8   0.0   0.3   6.6  30.6   16:40    SE
 8   5.2  12.2   11:55  -2.5    6:50  13.1   0.0   0.0   2.3  20.9   14:00    SE
 9   5.9  12.3   13:05  -0.4    6:50  12.4   0.0   0.3   2.7  20.9   12:10    SE
10   7.6   9.9   15:20   2.9    1:45  10.8   0.0   0.0   2.1  17.7   10:15    SE
11   7.7  15.1   12:40   1.2    7:00  10.7   0.0   0.0  10.5  86.9   15:30    NW
12   4.6   9.9   15:15  -2.8    7:05  13.8   0.0   0.0   3.4  29.0    3:00    SE
13   5.0  11.3   14:50  -1.4    2:45  13.3   0.0   0.0   6.4  54.7   18:00    NW
14   4.1  12.4   11:45  -4.1    6:55  14.3   0.0   0.0   3.1  27.4   14:45    SE
15   6.7  15.5   15:10  -1.2    2:55  11.7   0.0   0.0   3.2  20.9   10:25     E
16   7.3  12.7   12:45   1.4    4:40  11.0   0.0   0.0   4.3  19.3   10:50   SSE
17   7.7   9.6   12:30   7.3    5:05  10.6   0.0   0.8   6.4  32.2   12:35    SE
18   8.4  12.2   14:25   5.3   00:00   9.9   0.0   0.3  10.9  45.1    4:20    NW
19   5.4   9.2   15:45   1.9   23:35  12.9   0.0   0.0  11.4  49.9   11:40    NW
20   5.4   8.5   15:55   2.2    0:15  12.9   0.0   0.0  13.5  53.1   10:40    NW
21   7.0  11.1   16:15   2.6    6:35  11.3   0.0   0.5  23.3  67.6    9:05    NW
22  11.3  16.6   15:30   7.1    6:30   7.0   0.0   0.0  18.3  51.5    8:10    NW
23  14.3  19.7   15:55   5.7    1:50   4.2   0.2   0.0  12.4  40.2   14:10    NW
24  13.3  19.7   11:55   5.3    6:05   3.1   0.1   0.0   8.4  27.4    1:35    NW
25
26
27
28
29
30
31
-------------------------------------------------------------------------------------
     7.2  19.7    23    -4.1    14   266.2   0.3   2.0   7.1  86.9    11      NW

Max >=  32.0:  0
Max <=   0.0:  0
Min <=   0.0: 10
Min <= -18.0:  0
Max Rain: 0.76 ON 17/03/19
Days of Rain: 5 (> .2 mm) 0 (> 2 mm) 0 (> 20 mm)
Heat Base:  18.3  Cool Base:  18.3  Method: Integration