Crea sito

NOAA-Style Climate Reports

Select a Year or Month report
2019: Gen Feb Mar Apr Mag Giu Lug Ago Set Ott Nov Dic
2018: Gen Feb Mar Apr Mag Giu Lug Ago Set Ott Nov Dic
2017: Gen Feb Mar Apr Mag Giu Lug Ago Set Ott Nov Dic
2016: Gen Feb Mar Apr Mag Giu Lug Ago Set Ott Nov Dic
2015: Gen Feb Mar Apr Mag Giu Lug Ago Set Ott Nov Dic
2014: Gen Feb Mar Apr Mag Giu Lug Ago Set Ott Nov Dic

Report for 2019 Giugnio
                   MONTHLY CLIMATOLOGICAL SUMMARY for JUN. 2019

NAME: meteobadineto   CITY:    STATE:  
ELEV:   711 m  LAT:   LONG: 

                   TEMPERATURE (°C), RAIN  (mm), WIND SPEED (km/hr)

                                      HEAT  COOL        AVG
    MEAN                              DEG   DEG         WIND                 DOM
DAY TEMP  HIGH   TIME   LOW    TIME   DAYS  DAYS  RAIN  SPEED HIGH   TIME    DIR
------------------------------------------------------------------------------------
 1  15.4  22.6   15:45   6.7    6:05   4.4   1.4   0.0   1.9  19.3   14:35    SE
 2  16.6  23.4   12:35   7.7    5:50   3.6   1.8   0.0   3.2  19.3   12:45   ESE
 3  16.8  23.7   10:15   9.7    5:55   2.8   1.3   0.0   2.7  19.3   13:20   ESE
 4  16.1  21.2   12:40  11.3    6:45   2.7   0.5   0.0   3.2  22.5   16:10     E
 5  15.8  19.7   16:55  10.8   00:00   2.7   0.2   0.0   3.9  22.5   15:25   SSE
 6  13.2  17.7   12:30   7.6    6:15   5.2   0.0   0.8   4.0  24.1   16:35    SE
 7  14.3  19.8   15:35   7.4    6:45   4.1   0.1   0.3   2.7  22.5   15:45    SE
 8  15.0  21.0   12:35   8.7    6:50   3.7   0.4   0.0   3.1  22.5   15:50    SE
 9  16.6  21.4   14:10  10.3    5:05   2.4   0.7   1.3  10.5  43.5   18:05    NW
10  18.1  23.2   18:10  12.8    6:30   1.4   1.1   5.3   7.7  33.8    0:30    NW
11  16.4  20.0   13:20  12.7    2:40   2.1   0.2   0.0   3.4  19.3   11:55    SE
12  15.5  18.6   11:35  10.7    6:25   2.8   0.0   0.0   5.8  25.7   15:10    SE
13  13.8  18.9   20:15   5.8    6:40   4.6   0.0   0.0   4.2  25.7   12:05    SE
14  18.3  23.5   15:55  11.2    1:20   1.5   1.5   0.3  10.5  41.8    7:05    NW
15  16.1  21.1   11:00   9.1    6:25   2.8   0.6   0.0   4.2  27.4   16:10    SE
16  17.6  22.8   20:05  11.6   23:55   1.7   0.9   0.0   3.1  17.7   11:40     E
17  18.4  26.7   14:20   8.5    6:00   3.2   3.3   0.0   3.7  29.0   14:50    NW
18  18.7  27.5   13:40  10.3    5:45   2.4   2.8   0.0   2.7  25.7    9:05    NW
19  17.9  23.2   12:10  11.2    5:40   2.1   1.7   0.0   4.5  29.0   15:40     E
20  16.4  20.8   12:10  10.7    5:30   2.4   0.4   0.0   4.5  24.1   12:40     E
21  18.4  25.1   15:25  11.6    4:55   2.1   2.2   0.0   3.7  30.6   20:15    SE
22  16.8  24.3   12:35  11.5   00:00   2.5   0.9  14.0   4.8  38.6   15:45    NW
23  17.3  24.1   15:25   8.1    6:50   3.2   2.1   0.3   2.4  19.3   13:40    SE
24  20.7  28.4   12:25  11.6    6:50   1.8   4.2   0.0   1.6  17.7   12:55   SSE
25  22.6  29.8   15:30  13.9    4:35   1.1   5.3   0.0   4.8  32.2    9:35    NW
26  26.1  32.2   15:50  18.1    2:25   0.0   6.6   0.0   7.7  35.4    7:50    NW
27
28
29
30
-------------------------------------------------------------------------------------
    17.2  32.2    26     5.8    13    69.3  40.1  22.1   4.4  43.5     9      NW

Max >=  32.0:  1
Max <=   0.0:  0
Min <=   0.0:  0
Min <= -18.0:  0
Max Rain: 13.97 ON 22/06/19
Days of Rain: 7 (> .2 mm) 2 (> 2 mm) 0 (> 20 mm)
Heat Base:  18.3  Cool Base:  18.3  Method: Integration