Crea sito

NOAA-Style Climate Reports

Select a Year or Month report
2018: Gen Feb Mar Apr Mag Giu Lug Ago Set Ott Nov Dic
2017: Gen Feb Mar Apr Mag Giu Lug Ago Set Ott Nov Dic
2016: Gen Feb Mar Apr Mag Giu Lug Ago Set Ott Nov Dic
2015: Gen Feb Mar Apr Mag Giu Lug Ago Set Ott Nov Dic
2014: Gen Feb Mar Apr Mag Giu Lug Ago Set Ott Nov Dic

Report for 2018 Novembre
                   MONTHLY CLIMATOLOGICAL SUMMARY for NOV. 2018

NAME: meteobadineto   CITY:    STATE:  
ELEV:   711 m  LAT:   LONG: 

                   TEMPERATURE (°C), RAIN  (mm), WIND SPEED (km/hr)

                                      HEAT  COOL        AVG
    MEAN                              DEG   DEG         WIND                 DOM
DAY TEMP  HIGH   TIME   LOW    TIME   DAYS  DAYS  RAIN  SPEED HIGH   TIME    DIR
------------------------------------------------------------------------------------
 1   7.3  11.3   11:45   4.2    7:55  11.1   0.0  55.4   3.9  35.4    1:35    NW
 2   9.1  10.9   13:40   7.4    2:55   9.2   0.0   6.3  13.0  43.5   14:10    NW
 3   9.9  11.4   13:15   8.6    6:00   8.4   0.0  38.9  17.1  41.8    4:30    NW
 4  11.3  12.2    7:50  10.2   21:45   7.1   0.0  10.9  10.9  43.5    5:05    NW
 5  10.8  11.3   13:10  10.0    7:15   7.6   0.0  53.3   2.4  22.5    0:05   WNW
 6  10.7  12.7   11:20   7.7   00:00   7.7   0.0  57.2   3.5  33.8   12:10    SE
 7   8.9  12.7   12:25   5.3    8:30   9.4   0.0   0.0   1.4  12.9   10:25   ESE
 8   9.6  10.8   15:50   8.1    4:05   8.7   0.0  13.2   0.3  12.9    1:10   WNW
 9   8.8   9.8   18:55   7.6    6:15   9.6   0.0  21.6   2.4  19.3   10:55   WNW
10  10.5  12.8   13:10   8.3    3:10   7.8   0.0   1.8   2.4  20.9   18:10    SE
11  10.9  12.6   15:15   8.6    3:00   7.4   0.0   2.3   2.6  19.3   11:15    SE
12  10.3  11.9   12:30   9.6   23:40   8.0   0.0   0.0   0.6  12.9   14:25   WNW
13  11.2  13.7   12:25   8.4    3:25   7.1   0.0   0.3   1.1  16.1   10:20   ESE
14   9.0   9.2    1:55   8.5    0:10   2.3   0.0   0.0   0.0   1.6    1:20   ESE
15
16
17
18
19
20
21
22
23
24
25
26
27
28
29
30
-------------------------------------------------------------------------------------
     9.9  13.7    13     4.2     1   111.3   0.0 261.1   4.4  43.5     2      NW

Max >=  32.0:  0
Max <=   0.0:  0
Min <=   0.0:  0
Min <= -18.0:  0
Max Rain: 57.15 ON 06/11/18
Days of Rain: 11 (> .2 mm) 9 (> 2 mm) 5 (> 20 mm)
Heat Base:  18.3  Cool Base:  18.3  Method: Integration