Crea sito

NOAA-Style Climate Reports

Select a Year or Month report
2019: Gen Feb Mar Apr Mag Giu Lug Ago Set Ott Nov Dic
2018: Gen Feb Mar Apr Mag Giu Lug Ago Set Ott Nov Dic
2017: Gen Feb Mar Apr Mag Giu Lug Ago Set Ott Nov Dic
2016: Gen Feb Mar Apr Mag Giu Lug Ago Set Ott Nov Dic
2015: Gen Feb Mar Apr Mag Giu Lug Ago Set Ott Nov Dic
2014: Gen Feb Mar Apr Mag Giu Lug Ago Set Ott Nov Dic

Report for 2019 Gennaio
                   MONTHLY CLIMATOLOGICAL SUMMARY for JAN. 2019

NAME: meteobadineto   CITY:    STATE:  
ELEV:   711 m  LAT:   LONG: 

                   TEMPERATURE (°C), RAIN  (mm), WIND SPEED (km/hr)

                                      HEAT  COOL        AVG
    MEAN                              DEG   DEG         WIND                 DOM
DAY TEMP  HIGH   TIME   LOW    TIME   DAYS  DAYS  RAIN  SPEED HIGH   TIME    DIR
------------------------------------------------------------------------------------
 1   3.7   9.2   13:55  -1.4    1:30  14.7   0.0   0.0   3.5  22.5   11:20   WNW
 2   4.3   9.3   12:15  -0.9    8:50  14.0   0.0   0.0   6.6  43.5   16:45    NW
 3  -0.2   7.5   14:20  -6.0   23:35  18.6   0.0   0.0   1.9  24.1    0:15    NW
 4  -1.6   6.7   12:45  -8.5    7:55  19.9   0.0   0.0   0.8  16.1   14:30    SE
 5   1.2   8.7   14:30  -3.4    7:35  17.1   0.0   0.0   1.1  17.7   11:45   ESE
 6   1.6  12.8   13:55  -4.8    8:30  16.7   0.0   0.3   1.9  35.4   13:05    NW
 7   0.8  11.4   16:00  -5.4    8:30  17.5   0.0   0.0   1.4  22.5   12:00    NW
 8   1.9   6.3   12:35  -4.1    2:55  16.4   0.0   0.0   2.6  19.3    6:05     E
 9   0.2   5.8   12:55  -6.3    8:05  18.2   0.0   0.0   6.3  46.7   13:30    NW
10   2.0   5.6   14:40  -2.7   21:30  16.3   0.0   0.0  10.3  46.7   12:10    NW
11  -0.4   5.0   13:45  -5.9    8:35  18.8   0.0   0.0   4.2  27.4   14:20    NW
12   0.3  10.6   13:00  -7.3    8:15  18.0   0.0   0.0   1.6  16.1   15:30   ESE
13   3.0  10.8   12:30  -3.7    7:50  15.3   0.0   0.0   1.9  20.9   15:00   ESE
14   6.9  12.7   14:40  -2.3    5:05  11.4   0.0   0.0   8.0  53.1   11:20    NW
15   2.9   9.7   12:50  -3.9    8:30  15.4   0.0   0.0   3.4  25.7    0:40    SE
16   5.8   9.2   12:55  -1.1    0:05  12.5   0.0   0.0   7.1  38.6   12:40    SE
17   4.2   8.3   14:50  -0.4    8:50  14.2   0.0   0.0   2.6  22.5   21:00    NW
18   1.0   3.7    6:00  -1.1    3:35   6.3   0.0   0.0   6.1  30.6    7:40    NW
19
20
21
22
23
24
25
26
27
28
29
30
31
-------------------------------------------------------------------------------------
     2.1  12.8     6    -8.5     4   281.4   0.0   0.3   4.0  53.1    14      NW

Max >=  32.0:  0
Max <=   0.0:  0
Min <=   0.0: 18
Min <= -18.0:  0
Max Rain: 0.25 ON 06/01/19
Days of Rain: 1 (> .2 mm) 0 (> 2 mm) 0 (> 20 mm)
Heat Base:  18.3  Cool Base:  18.3  Method: Integration